actors of 378023.
378023
List the prime factors of 367374.
2, 3, 7, 8747
What are the prime factors of 9252430?
2, 5, 11, 19, 233
List the prime factors of 2483981.
43, 61, 947
List the prime factors of 2351355.
3, 5, 17, 9221
What are the prime factors of 641201?
11, 71, 821
What are the prime factors of 3939569?
3939569
What are the prime factors of 237265?
5, 7, 6779
What are the prime factors of 253592?
2, 31699
What are the prime factors of 744282?
2, 3, 7, 11, 179
What are the prime factors of 36178?
2, 18089
What are the prime factors of 837745?
5, 131, 1279
List the prime factors of 5078726.
2, 47, 97, 557
What are the prime factors of 604213?
97, 6229
What are the prime factors of 37534736?
2, 2345921
What are the prime factors of 326884?
2, 71, 1151
What are the prime factors of 152975?
5, 29, 211
List the prime factors of 196573.
13, 15121
List the prime factors of 3486223.
13, 268171
List the prime factors of 6554509.
13, 571, 883
List the prime factors of 288057.
3, 7, 11, 29, 43
What are the prime factors of 3892487?
1103, 3529
List the prime factors of 11917743.
3, 47, 84523
List the prime factors of 6985053.
3, 776117
What are the prime factors of 5529376?
2, 67, 2579
List the prime factors of 11096723.
11, 1008793
List the prime factors of 2264454.
2, 3, 125803
List the prime factors of 1301277.
3, 433759
What are the prime factors of 1002666?
2, 3, 7, 23873
List the prime factors of 10078420.
2, 5, 11, 61, 751
List the prime factors of 5105067.
3, 11, 154699
What are the prime factors of 3189188?
2, 19, 29, 1447
What are the prime factors of 643277?
59, 10903
List the prime factors of 11079503.
751, 14753
List the prime factors of 13545653.
11, 1231423
What are the prime factors of 170561?
17, 79, 127
What are the prime factors of 93204?
2, 3, 863
What are the prime factors of 104246?
2, 47, 1109
What are the prime factors of 154826?
2, 7, 11059
List the prime factors of 502520.
2, 5, 17, 739
List the prime factors of 1143456.
2, 3, 43, 277
What are the prime factors of 403754?
2, 13, 53, 293
What are the prime factors of 583604?
2, 7, 19, 1097
What are the prime factors of 366054?
2, 3, 13, 19
List the prime factors of 43203.
3, 14401
List the prime factors of 583019.
583019
What are the prime factors of 29696?
2, 29
What are the prime factors of 184876?
2, 46219
What are the prime factors of 19285675?
5, 771427
List the prime factors of 140523.
3, 31, 1511
What are the prime factors of 377185?
5, 75437
What are the prime factors of 786944?
2, 29, 53
What are the prime factors of 152375?
5, 23, 53
List the prime factors of 416174.
2, 11, 18917
What are the prime factors of 1475918?
2, 41, 439
List the prime factors of 4697896.
2, 7, 83891
What are the prime factors of 1622379?
3, 11, 211, 233
List the prime factors of 7841461.
79, 99259
What are the prime factors of 321163?
321163
What are the prime factors of 207429?
3, 69143
List the prime factors of 1543314.
2, 3, 257219
What are the prime factors of 819702?
2, 3, 13, 31, 113
What are the prime factors of 285162?
2, 3, 47527
What are the prime factors of 30322412?
2, 79, 95957
What are the prime factors of 7411034?
2, 107, 34631
List the prime factors of 156789.
3, 5807
What are the prime factors of 4375583?
37, 118259
List the prime factors of 10829793.
3, 13, 277687
What are the prime factors of 23873942?
2, 241, 49531
What are the prime factors of 141847?
83, 1709
List the prime factors of 180024.
2, 3, 13, 577
List the prime factors of 298552.
2, 67, 557
List the prime factors of 11745005.
5, 2349001
List the prime factors of 6078900.
2, 3, 5, 23, 881
What are the prime factors of 144751?
144751
What are the prime factors of 3662729?
7, 29, 18043
List the prime factors of 360914.
2, 181, 997
List the prime factors of 11958440.
2, 5, 13, 29, 61
List the prime factors of 5797325.
5, 231893
List the prime factors of 2192145.
3, 5, 59, 2477
List the prime factors of 2915743.
1669, 1747
List the prime factors of 154465.
5, 30893
List the prime factors of 9644057.
9644057
What are the prime factors of 388175?
5, 15527
List the prime factors of 1140302.
2, 233, 2447
List the prime factors of 5012894.
2, 2506447
What are the prime factors of 24238841?
11, 18211
List the prime factors of 329108.
2, 13, 6329
What are the prime factors of 671532?
2, 3, 107, 523
What are the prime factors of 801166?
2, 509, 787
List the prime factors of 10321664.
2, 23, 1753
What are the prime factors of 4057362?
2, 3, 53, 4253
List the prime factors of 2789663.
1223, 2281
What are the prime factors of 56209?
56209
List the prime factors of 5942617.
79, 75223
List the prime factors of 946977.
3, 41, 7699
List the prime factors of 171631.
59, 2909
What are the prime factors of 1461013?
307, 4759
List the prime factors of 338321.
338321
What are the prime factors of 10165772?
2, 61, 683
List the prime factors of 3024823.
137, 22079
What are the prime factors of 1805325?
3, 5, 24071
What are the prime factors of 591311?
7, 17, 4969
List the prime factors of 714185.
5, 142837
What are the prime factors of 17050?
2, 5, 11, 31
What are the prime factors of 14949785?
5, 691, 4327
List the prime factors of 39840.
2, 3, 5, 83
What are the prime factors of 1545609?
3, 13, 39631
List the prime factors of 29154699.
3, 7, 462773
What are the prime factors of 466048?
2, 11, 331
List the prime factors of 1189.
29, 41
What are the prime factors of 5250547?
383, 13709
What are the prime factors of 7783801?
37, 71, 2963
List the prime factors of 1648705.
5, 73, 4517
What are the prime factors of 142495?
5, 28499
What are the prime factors of 3036055?
5, 11, 55201
What are the prime factors of 1250405?
5, 13, 19237
What are the prime factors of 1560168?
2, 3, 31, 233
What are the prime factors of 1275395?
5, 11, 23189
What are the prime factors of 1043971?
29, 35999
List the prime factors of 11997651.
3, 23, 31, 71, 79
What are the prime factors of 1096335?
3, 5, 2707
What are the prime factors of 11876000?
2, 5, 2969
What are the prime factors of 3640907?
17, 61, 3511
What are the prime factors of 1096585?
5, 7, 17, 19, 97
What are the prime factors of 1106225?
5, 44249
What are the prime factors of 5031152?
2, 7, 29, 1549
List the prime factors of 443119.
347, 1277
List the prime factors of 263766.
2, 3, 43961
What are the prime factors of 1831339?
1831339
List the prime factors of 60892.
2, 13, 1171
List the prime factors of 975869.
975869
List the prime factors of 124796.
2, 7, 4457
List the prime factors of 527971.
97, 5443
List the prime factors of 370315.
5, 11, 6733
List the prime factors of 13526853.
3, 1163, 3877
What are the prime factors of 18437835?
3, 5, 13, 23, 4111
List the prime factors of 577871.
7, 31, 2663
What are the prime factors of 359777?
11, 32707
List the prime factors of 6139373.
37, 73, 2273
What are the prime factors of 2039064?
2, 3, 84961
List the prime factors of 893305.
5, 7, 25523
List the prime factors of 22630.
2, 5, 31, 73
List the prime factors of 3106810.
2, 5, 7, 44383
List the prime factors of 12520487.
7, 19, 23, 4093
List the prime factors of 4908945.
3, 5, 327263
List the prime factors of 4774589.
29, 31, 47, 113
List the prime factors of 281355.
3, 5, 18757
List the prime factors of 24480332.
2, 6120083
List the prime factors of 1749867.
3, 7, 103, 809
What are the prime factors of 14402276?
2, 7, 197, 373
List the prime factors of 4002169.
4002169
What are the prime factors of 883363?
13, 5227
List the prime factors of 556331.
556331
What are the prime factors of 27128595?
3, 5, 13, 139121
What are the prime factors of 6043964?
2, 1510991
What are the prime factors of 907890?
2, 3, 5, 53, 571
List the prime factors of 6267466.
2, 3133733
List the prime factors of 1067388.
2, 3, 7, 97, 131
What are the prime factors of 664745?
5, 132949
What are the prime factors of 5133425?
5, 11, 1697
What are the prime factors of 1447595?
5, 43, 6733
List the prime factors of 96668.
2, 11, 13
List the prime factors of 12580160.
2, 5, 39313
List the prime factors of 19611477.
3, 19, 12743
List the prime factors of 2392856.
2, 299107
What are the prime factors of 2597959?
7, 13, 28549
What are the prime factors of 1612052?
2, 13, 29, 1069
What are the prime factors of 1127079?
3, 